 1256180004?
True
Is 1465992640 a multiple of 20?
True
Is 362 a factor of 2368760756?
True
Is 127 a factor of 51160810?
False
Does 1190 divide 9741340?
True
Is 495 a factor of 6089490?
True
Does 47 divide 32558921?
True
Is 65805381 a multiple of 3244?
False
Is 2793153716 a multiple of 652?
False
Is 596 a factor of 48908356?
True
Does 95 divide 53091238?
False
Does 251 divide 1556619672?
True
Does 43 divide 130835062?
False
Is 7309076 a multiple of 4?
True
Is 86584320 a multiple of 64?
True
Does 5362 divide 2555047670?
False
Does 699 divide 27510691?
False
Is 74 a factor of 102004105?
False
Is 17 a factor of 17469625?
True
Is 379852 even?
True
Does 20 divide 167559584?
False
Does 55 divide 346080955?
True
Does 1060 divide 9837905?
False
Is 4034887 even?
False
Is 185619492 a multiple of 44?
False
Is 24 a factor of 832215024?
True
Does 131 divide 228638083?
False
Does 21 divide 17620008?
True
Is 4 a factor of 528704?
True
Does 123 divide 308901780?
False
Is 149109192 a multiple of 2536?
True
Is 813 a factor of 44018693?
False
Is 966056626 a multiple of 229?
False
Does 7 divide 59139020?
False
Is 15695680 a multiple of 11?
True
Is 3650565 a multiple of 57?
True
Is 399 a factor of 34188249?
False
Is 102978902 a multiple of 200?
False
Is 496 a factor of 107787526?
False
Is 72063994 a multiple of 106?
True
Is 15595887 a multiple of 36?
False
Is 262433296 even?
True
Is 906342844 a multiple of 44?
True
Does 1568 divide 1498302400?
True
Is 2882319015 a multiple of 301?
False
Does 2 divide 22338700?
True
Is 10 a factor of 36719960?
True
Is 90 a factor of 8610750?
True
Is 7 a factor of 171705708?
False
Is 13 a factor of 35606259?
True
Is 113 a factor of 420386375?
False
Is 1718540885 a multiple of 168?
False
Does 69 divide 536813169?
True
Does 10 divide 50241920?
True
Is 84564203 a multiple of 1073?
True
Is 8680357 a multiple of 7?
True
Is 196 a factor of 16196460?
True
Is 141 a factor of 1239109826?
False
Does 743 divide 125684576?
False
Is 173 a factor of 625585049?
False
Is 4516654731 a multiple of 231?
False
Does 4 divide 176696756?
True
Is 848138 a multiple of 13?
False
Does 5250 divide 37805250?
True
Is 42 a factor of 13638072?
True
Is 74 a factor of 19727068?
True
Does 540 divide 135642353?
False
Does 2286 divide 80322324?
False
Is 208 a factor of 135327611?
False
Does 3 divide 1396363?
False
Is 465414782 a multiple of 510?
False
Is 6294 a factor of 455584686?
False
Is 29 a factor of 17727155?
False
Is 1718173460 a multiple of 921?
False
Is 42820882 a multiple of 839?
True
Is 143 a factor of 229677877?
True
Is 103 a factor of 1793715027?
True
Does 76 divide 176106009?
False
Is 243 a factor of 6715062?
True
Is 422 a factor of 6552251383?
False
Is 122703250 a multiple of 784?
False
Does 14 divide 383125209?
False
Is 743525 a multiple of 15?
False
Does 11 divide 1096211195?
False
Is 163 a factor of 114706881?
False
Is 40 a factor of 738840720?
True
Is 1257 a factor of 1147572301?
False
Is 148721936 a multiple of 81?
False
Is 235 a factor of 5429881?
False
Is 632 a factor of 11711429?
False
Is 50896321 a multiple of 7?
True
Does 33 divide 155149102?
False
Is 17748499 a multiple of 182?
False
Is 322137754 a multiple of 293?
False
Does 34 divide 11076282?
True
Is 96408712 a multiple of 5?
False
Does 23 divide 699360011?
True
Is 57559919 a multiple of 37?
False
Is 3049136 a multiple of 149?
True
Does 560 divide 1174841273?
False
Is 40043946 a multiple of 676?
False
Does 17 divide 12921477?
False
Is 20025395 a multiple of 191?
True
Is 419 a factor of 260893921?
False
Is 309376 a multiple of 8?
True
Is 79331065 a multiple of 55?
True
Does 4 divide 34367280?
True
Is 902 a factor of 206830695?
False
Does 5467 divide 254958724?
False
Is 57889854 a multiple of 183?
True
Does 150 divide 48294000?
True
Does 1004 divide 8245158?
False
Does 3747 divide 243462280?
False
Does 566 divide 988236?
True
Does 26 divide 898104537?
False
Is 802 a factor of 296274840?
True
Does 2 divide 22663566?
True
Is 177227977 a multiple of 261?
False
Is 8751 a factor of 2494009256?
False
Is 9956568 a multiple of 61?
False
Does 92 divide 2652583192?
True
Is 25 a factor of 983984?
False
Is 150135007 a multiple of 737?
True
Is 456270771 a multiple of 29?
False
Is 194973825 a multiple of 187?
False
Is 199 a factor of 1101867096?
False
Does 420 divide 1197660660?
True
Does 1221 divide 170760513?
True
Is 80686468 a multiple of 116?
True
Does 5 divide 792991840?
True
Is 311 a factor of 70242187?
False
Is 818994076 a multiple of 751?
False
Is 18665920 a multiple of 26?
True
Is 5177527175 a multiple of 12?
False
Is 231058960 a multiple of 5?
True
Does 102 divide 33479562?
True
Does 3894 divide 406969728?
True
Does 6 divide 26266752?
True
Does 571 divide 642688340?
False
Does 23 divide 16617155?
True
Is 228274121 a multiple of 6528?
False
Is 10 a factor of 181303650?
True
Does 676 divide 447041504?
True
Does 237 divide 751709253?
True
Is 170074526 a multiple of 8223?
False
Is 120 a factor of 104333873?
False
Is 3751 a factor of 5130853739?
False
Is 1111 a factor of 103989600?
True
Is 678 a factor of 4426004340?
True
Is 3014781 a multiple of 29?
False
Is 928 a factor of 32539392?
True
Is 26 a factor of 915183256?
True
Does 308 divide 3065896064?
True
Is 127670334 a multiple of 6?
True
Is 455 a factor of 40891609?
False
Does 19 divide 1024399657?
False
Does 53 divide 1349008291?
False
Does 2136 divide 650040336?
True
Is 25713717 a multiple of 16?
False
Is 35070691 a multiple of 212?
False
Is 238 a factor of 35564694?
False
Is 207 a factor of 299081052?
True
Does 2 divide 47284281?
False
Does 146 divide 137553457?
False
Does 160 divide 382650284?
False
Does 1096 divide 9936336?
True
Is 5 a factor of 672951953?
False
Is 119 a factor of 152707978?
False
Is 50544092 a multiple of 43?
True
Is 14673936 a multiple of 881?
True
Does 332 divide 126104888?
True
Does 197 divide 356672637?
True
Does 68 divide 180560352?
False
Is 4229796 a multiple of 17?
False
Is 19340027 a multiple of 67?
False
Is 6491 a factor of 758797900?
True
Does 17 divide 7952814?
False
Does 594 divide 51198642?
True
Is 438 a factor of 24586254?
True
Does 643 divide 1749726?
False
Is 4075728 a multiple of 151?
False
Is 15 a factor of 447566835?
True
Does 2 divide 48697088?
True
Is 1320156894 a multiple of 645?
False
Is 116 a factor of 139670776?
False
Is 6440040 a multiple of 60?
True
Does 63 divide 1922624957?
False
Is 14057730 a multiple of 1092?
False
Is 1354640 a multiple of 8?
True
Does 4537 divide 223261233?
True
Is 126252807 a multiple of 6?
False
Does 289 divide 720657625?
True
Does 13 divide 17569910?
False
Is 57481858 a multiple of 11?
False
Is 176 a factor of 3483568?
True
Does 123 divide 7266840?
True
Is 477424333 a multiple of 17?
False
Is 594265371 a multiple of 7?
True
Is 6953 a factor of 524353542?
True
Does 4 divide 269212?
True
Is 69312128 a multiple of 848?
True
Is 12 a factor of 1054198236?
True
Is 219485664 a multiple of 377?
False
Is 34842191 a multiple of 3?
False
Does 396 divide 47405160?
True
Does 41 divide 1132670045?
False
Is 196723793 a multiple of 28?
False
Is 3903 a factor of 120282538?
False
Does 18 divide 136152956?
False
Does 2846 divide 364927324?
False
Is 485398868 a multiple of 1556?
True
Is 45 a factor of 113008950?
True
Is 4 a factor of 213040378?
False
Is 5 a factor of 17798098?
False
Is 2781184 a multiple of 388?
True
Is 28 a factor of 172959640?
True
Is 220811055 a multiple of 645?
False
Does 2147 divide 1279397432?
False
Does 124 divide 142666186?
False
Does 2141 divide 37182338?
False
Does 37 divide 1312330800?
True
Is 75893839 a multiple of 47?
False
Does 53 divide 52044423?
False
Is 1412735 a multiple of 5?
True
Does 1370 divide 1078239320?
True
Is 20569028 a multiple of 4?
True
Is 61 a factor of 145111236?
False
Is 46713380 a multiple of 70?
True
Is 49 a factor of 225451996?
False
Is 10 a factor of 422520229?
False
Does 668 divide 16237076?
True
Is 129486083 a multiple of 6?
False
Does 7245 divide 2707267164?
False
Is 2697 a factor of 92010292?
False
Is 64109223 a multiple of 177?
True
Is 481 a factor of 39816820?
False
Is 1529 a factor of 193524001?
True
Does 30 divide 10857506?
False
Is 98395 a multiple of 5?
True
Is 1216407003 a multiple of 3553?
False
Does 3031 divide 58414318?
Fals